60446. Give j(-10).
-4
Let y(o) = -8*o**3 - 1000*o**2 + 2*o - 1641. Calculate y(-125).
-1891
Let p(c) = -2422*c + 230140. Determine p(95).
50
Let b(j) = 5509*j + 126747. Give b(-23).
40
Let w(g) = -1784*g - 50047. Calculate w(-28).
-95
Let f(i) = i**2 - 172*i - 1280. Determine f(-27).
4093
Let m(o) = 4*o**2 + 520*o - 7. What is m(-128)?
-1031
Let q(d) = -227*d**2 + 827*d + 23. Give q(4).
-301
Let g(d) = -69*d**2 - 1235*d - 3765. What is g(-14)?
1
Let k(o) = 1886*o + 26495. Give k(-14).
91
Let d(g) = 1279025*g + 26859532. Determine d(-21).
7
Let b(r) = 4*r**2 + 932*r + 45158. Calculate b(-68).
278
Let c(o) = 34*o**3 + 28*o**2 - 53*o - 53. What is c(-1)?
-6
Let t(h) = 178*h**2 + 18865*h + 103. Determine t(-106).
421
Let n(m) = -201*m - 9769. What is n(-44)?
-925
Let m(k) = 4*k**2 + 587*k - 24884. Give m(34).
-302
Let u(k) = k**2 + 28*k - 1884. What is u(-60)?
36
Let z(x) = 2*x**3 + 431*x**2 - 3806*x + 554. Give z(-224).
106
Let j(g) = -2*g**3 + 8*g**2 + 1294*g - 6483. Calculate j(5).
-63
Let y(g) = -g**3 + 14*g**2 + 35*g - 160. What is y(9)?
560
Let r(h) = -h**3 + 30*h**2 - 176*h + 224. Give r(18).
944
Let h(n) = -11266*n - 11205. Give h(-1).
61
Let a(f) = f**2 + 194*f - 7107. Give a(31).
-132
Let o(b) = 3*b**2 + 25*b - 7377. What is o(-54)?
21
Let j(s) = -5189*s + 213104. Determine j(41).
355
Let d(c) = 2*c**2 - 239*c - 1646. Give d(131).
1367
Let l(c) = -c**3 + 58*c**2 - 615*c - 53. What is l(44)?
-9
Let n(d) = -14*d**3 + 231*d**2 - 169*d + 212. Give n(16).
-700
Let u(m) = -3*m**3 - 59*m**2 + 11. What is u(-3)?
-439
Let u(k) = -21541*k + 301496. Calculate u(14).
-78
Let s(l) = l**3 + 59*l**2 - 388*l + 130. What is s(-65)?
0
Let n(v) = 134*v - 2715. Determine n(14).
-839
Let q(p) = -1474*p - 176842. Give q(-120).
38
Let f(o) = -144*o + 14486. Give f(100).
86
Let g(n) = 10*n**2 - 1463*n - 2990. Give g(-2).
-24
Let c(v) = -252*v + 10929. Calculate c(43).
93
Let u(x) = 9748*x - 155851. Calculate u(16).
117
Let f(v) = -v**3 - 28*v**2 - 149*v - 3271. Give f(-26).
-749
Let q(u) = 16*u**2 + 618*u - 4605. Give q(-45).
-15
Let j(f) = 71*f + 28969. Give j(-408).
1
Let q(a) = 3*a**3 + 20*a**2 + 250*a + 2828. Give q(-9).
11
Let z(i) = -5*i**3 - 102*i**2 - 6601*i - 131221. What is z(-20)?
-1
Let j(v) = v**2 + 6236*v - 87502. What is j(14)?
-2
Let c(p) = 2*p**2 + 1206*p - 610717. Calculate c(-931).
19
Let o(c) = 16*c**2 + 24*c + 254. Determine o(10).
2094
Let p(d) = -d**2 - 84986*d + 339968. What is p(4)?
8
Let n(q) = 311*q + 96403. What is n(-310)?
-7
Let c(x) = 3*x**3 - 1418*x**2 - 457*x - 7728. Calculate c(473).
-160
Let l(v) = 64*v**2 + 22913*v + 343. Calculate l(-358).
-15
Let p(w) = 933*w - 2205. What is p(4)?
1527
Let y(l) = -l**3 + l**2 + 422*l + 140138. Give y(55).
-2
Let u(y) = -5782*y + 11525. Determine u(2).
-39
Let l(x) = 3*x**3 + 7*x**2 - 36*x - 61. What is l(-5)?
-81
Let r(f) = -1119333*f + 4477322. Give r(4).
-10
Let n(h) = -h**3 + 55*h**2 - 747*h - 13. Determine n(29).
190
Let f(b) = 16*b**3 + 2832*b**2 - 4*b - 705. Determine f(-177).
3
Let w(y) = y**3 - 31*y**2 - 946*y - 79. Calculate w(50).
121
Let z(p) = -3671*p - 624110. Determine z(-170).
-40
Let i(z) = z**3 - 76*z**2 - 105*z + 46. Calculate i(77).
-2110
Let j(z) = -53862*z - 377133. What is j(-7)?
-99
Let j(h) = h**3 - 8*h**2 + 977*h - 12331. Calculate j(12).
-31
Let m(c) = 2*c**3 + 58*c**2 + 371*c + 43. What is m(-20)?
-177
Let s(p) = 698*p**2 - 1865*p + 4. Give s(3).
691
Let i(n) = -n**2 + 34486*n + 137996. Determine i(-4).
36
Let l(o) = 6012*o**2 + 535079*o + 986. Calculate l(-89).
7
Let u(f) = f**2 - 232*f + 6460. Determine u(52).
-2900
Let t(f) = -161*f - 29633. Calculate t(-184).
-9
Let b(r) = -197*r**2 - 1055*r - 1065. Determine b(-4).
3
Let i(w) = 3*w**3 + 18*w**2 + 33*w + 78. What is i(-5)?
-12
Let y(m) = m**2 + 283*m - 5388. Determine y(18).
30
Let r(s) = 4*s**2 - 853*s + 3534. Give r(209).
-19
Let j(u) = -7*u**2 + 1443*u + 24889. Calculate j(-16).
9
Let l(i) = -6337*i - 7914913. Determine l(-1249).
0
Let b(n) = -86448*n + 56104748. Give b(649).
-4
Let x(y) = -3*y**2 - 2814*y + 94391. Give x(33).
-1738
Let d(p) = 607*p**2 + 678*p + 35. Determine d(-1).
-36
Let s(u) = -251*u + 1296. Calculate s(5).
41
Let q(t) = -5*t**3 + 89*t**2 + 39*t - 69. Determine q(18).
309
Let h(j) = 3*j**3 + 137*j**2 + 370*j + 19126. Give h(-46).
-10
Let k(u) = u**2 + 25150*u - 251519. What is k(10)?
81
Let d(x) = 6321*x + 139130. Calculate d(-22).
68
Let n(d) = -d**2 + 581*d - 84493. Give n(285).
-133
Let t(o) = -11*o**2 - 131*o - 500. What is t(-11)?
-390
Let t(n) = 27*n**2 + 4477*n - 557599. Determine t(83).
-5
Let g(l) = -28*l**3 + 230*l**2 - 58*l + 126. Calculate g(8).
46
Let z(q) = 9808*q**2 - 39237*q - 24. Give z(4).
-44
Let s(h) = -h**2 + 7676*h + 24. Determine s(0).
24
Let n(u) = -1075*u - 213727. Give n(-199).
198
Let c(r) = -264599*r - 3704361. Calculate c(-14).
25
Let g(l) = -3*l**2 + 3328*l - 343049. Determine g(115).
-4
Let w(d) = d**3 + 324*d**2 + 73*d + 23734. Determine w(-324).
82
Let q(m) = 3*m**2 + 58*m - 79. Determine q(-26).
441
Let t(r) = -r**3 - 79*r**2 + 1620*r + 30. What is t(17)?
-174
Let q(k) = k**2 + 190*k + 2626. Give q(-15).
1
Let h(o) = -o**3 + 179*o**2 + 494*o + 9468. Calculate h(182).
4
Let d(q) = 3*q**2 + 23740*q + 284448. Calculate d(-12).
0
Let q(z) = 1670*z + 2625. Calculate q(-2).
-715
Let q(w) = 2*w**2 - 729*w + 34262. Calculate q(309).
-37
Let f(l) = -2366884*l + 66272752. Give f(28).
0
Let l(n) = n**3 - 2*n**2 + 188*n - 1799. Determine l(8).
89
Let b(y) = y**2 - 41*y + 253. Calculate b(36).
73
Let p(w) = 2*w**3 + 70*w**2 - 2573*w - 89126. Determine p(-38).
-16
Let g(j) = j**2 - 50650*j - 202612. Give g(-4).
4
Let o(d) = -636*d**2 - 96044*d - 1185. Calculate o(-151).
23
Let c(x) = -3*x**2 + 330*x + 4156. What is c(120)?
556
Let r(h) = -h**3 + 117*h**2 - 549*h - 276. What is r(112)?
956
Let j(q) = 3*q**3 + 127*q**2 - 2301*q - 161. Calculate j(-56).
119
Let u(x) = 63*x - 130. What is u(3)?
59
Let j(m) = -m**2 - 4*m + 1501. Calculate j(37).
-16
Let s(v) = v**3 + 125*v**2 - 557*v - 5319. Give s(-129).
-30
Let m(o) = -225*o**3 + 3*o**2 - 32*o + 35. What is m(1)?
-219
Let w(x) = 3799*x**2 + 22793*x - 3. Calculate w(-6).
3
Let a(f) = 35*f**2 + 495*f - 237. Calculate a(-15).
213
Let f(b) = -b**3 + 9*b**2 + 45*b + 22. Calculate f(16).
-1050
Let p(f) = 4380*f + 17538. Calculate p(-4).
18
Let v(o) = 8539347*o - 8539331. Give v(1).
16
Let o(u) = -85*u + 162. Determine o(1).
77
Let m(b) = 12553*b + 326415. Calculate m(-26).
37
Let x(n) = -n**3 + 360*n**2 - 4248*n + 760. What is x(12)?
-104
Let g(p) = 70270*p - 4286488. Determine g(61).
-18
Let z(o) = -187*o - 23231. Determine z(-123).
-230
Let x(v) = -368*v**2 + 13249*v - 25. What is x(36)?
11
Let o(p) = -159*p**2 + 66578*p + 17948. Calculate o(419).
-69
Let b(z) = 683079*z - 8196974. Calculate b(12).
-26
Let o(w) = 22*w**2 + 70*w - 88. Give o(4).
544
Let p(u) = -8*u**3 - 8*u**2 - 11*u - 68. Determine p(-3).
109
Let m(p) = -12*p**2 - 5249*p + 26599. Give m(5).
54
Let x(q) = -3379*q**2 - 47320*q + 18. What is x(-14)?
214
Let u(d) = -32896*d - 14276868. What is u(-434)?
-4
Let p(z) = -24*z**2 - 5*z + 2353. Give p(11).
-606
Let l(i) = -3*i**2 + 5780*i - 170704. What is l(30)?
-4
Let o(l) = 4*l**3 + 29*l**2 + 215*l + 1048. Calculate o(-6).
-62
Let v(r) = -2*r**2 - 3973*r + 92433. Give v(23).
-4
Let l(n) = 3101*n + 8061. Calculate l(-3).
-1242
Let x(g) = -2*g**2 - 642*g - 27962. Calculate x(-269).
14
Let s(p) = -12*p**3 - 7109*p**2 + 4149*p - 1191. Calculate s(-593).
-5
Let t(r) = 8*r**3 - 1160*r**2 + 17*r - 2513. Calculate t(145).
-48
Let c(t) = 13726*t + 1152795. Determine c(-84).
-189
Let j(y) = -58456*y + 526118. What is j(9)?
14
Let g(p) = -6*p**2 - 480*p - 5363. Determine g(-11).
-809
Let t(w) = w**3 + 204*w**2 - 396*w + 3429. Give t(-206).
133
Let u(v) = -392*v**3 + 1176*v**2 + 5*v - 6. What is u(3)?
9
Let q(s) = 2*s**3 - 370*s**2 - 11*s - 67149. Calculate q(186).
-3
Let b(l) = 4504*l - 693785. Give b(154).
-169
Let l(y) = -142*y**2 - 11696*y + 7472. Give l(-83).
2
Let x(g) = -2333562*g - 25669175. Give x(-11).
7
Let k(b) = -68320*b - 273283. Give k(-4).
-3
Let i(w) = -16*w**3 + 526*w**2 + 61*w + 146. What is i(33)?
-19
Let u(d) = -66*d**3 - 927*d**2 - 84*d - 717. Give u(-14).
-129
Let l(b) = 3*b**2 - 605*b + 28718. De